derivative of v**3/3 + 3*v**2 + 2*v + 85. Determine t(g).
-6
Let b(o) = -1 - 2259*o - 2262*o + 4519*o. Let h(j) = -3*j**3 - j**2 + j + 1. Let n be h(-1). Calculate b(n).
-5
Let c(n) = 9*n + 3*n - n**3 + 4965*n**2 + 2*n - 4971*n**2 - 6. Give c(-8).
10
Suppose -2*p + 0*p - 11 = 3*w, 0 = p - 3*w - 17. Let h(v) = -4*v - 51*v**2 - v**3 - 52*v**p + 6 + 97*v**2. Calculate h(-5).
1
Let v(w) be the third derivative of 0*w + 1/3*w**3 - 19*w**2 + 0 + 1/4*w**4 + 1/120*w**6 - 1/10*w**5. Give v(5).
7
Let y(v) = -v**3 - 3*v**2 + 2*v + 2. Let l = -1682 - -1680. Determine y(l).
-6
Let g(u) = 3*u - 3*u + 2*u - u + 3. Let d be (-92)/18 + (-372)/54 + 7. Calculate g(d).
-2
Let w(a) = a - 12. Let b be -2 + 84/6 - 0. What is w(b)?
0
Suppose -3*n = 3 - 0. Let m(g) = 21*g**3 - 11*g + 7. Let o(s) = -10*s**3 + 5*s - 3. Let w(c) = 4*m(c) + 9*o(c). Give w(n).
6
Let z(x) be the second derivative of x**4/12 + 5*x**3/6 - x**2 + 55*x + 1. Determine z(-3).
-8
Let t(g) = g**2 + 20*g - 18. Suppose 2*l = -4*o - 78, -37 = 3*o + 3*l + 17. Let v be t(o). Let k(u) = u**2 - 4*u + 3. Calculate k(v).
0
Let d(b) = -2 + 2 + 40*b - 41*b. Give d(0).
0
Let c be 4/6 - 9/((-108)/(-56)). Let l(i) = 2*i - 3. Give l(c).
-11
Let l(f) be the first derivative of 2*f**3 - f**2 - f + 163. What is l(-2)?
27
Suppose -5*o + 33 = -47. Suppose -o = -2*r + 6*r. Let b(l) = l**2 + 2*l - 3. Give b(r).
5
Let n(a) = a**2 + a. Let g(q) = 6*q**2 + 4*q - 1. Let m(x) = -g(x) + 2*n(x). Suppose 0 = 7*v + 2*v + 18. Give m(v).
-11
Let v(n) = n**3 - 5*n**2 - 2*n + 7. Suppose 0 = 3*j + 9, -5*t + 1 = 3*j - 45. Suppose -3*s = -26 + t. Calculate v(s).
-3
Let g(a) be the second derivative of -a**3/3 + 97*a. Calculate g(2).
-4
Suppose -c + 16 = -9. Let z(v) = 26*v - 1 - c*v + 3. What is z(-5)?
-3
Let s(g) = -3*g**2 + 3*g + 2. Let t be s(2). Let q(f) be the third derivative of -f**4/24 - 2*f**3/3 + 3*f**2. Determine q(t).
0
Let a(j) = 9*j**3 - 18*j**2 + 12*j - 1. Let p(d) = 7*d**3 - 16*d**2 + 11*d - 1. Let i(r) = 4*a(r) - 5*p(r). What is i(-9)?
-17
Let c(d) = d**2 - 3. Suppose -2*r + 23 = -21. Let j = r - 13. Suppose -6*q + 3*q - j = 0. Determine c(q).
6
Suppose 9*p + 16 = 13*p. Let f(j) = 3*j. Let x(q) = q + 1. Let v(c) = f(c) - 4*x(c). Calculate v(p).
-8
Let k(p) = -1. Let g(x) = x + 12. Let u(z) = -g(z) - 5*k(z). Calculate u(0).
-7
Let t(h) = h**3 - 4*h**2 + 3*h - 1. Let y be t(2). Let n(a) be the second derivative of 1/6*a**3 - a**2 - 1/4*a**4 - 1/20*a**5 - 2*a + 0. Calculate n(y).
-5
Suppose 4 = t + 5*o + 28, -2*o = 5*t + 5. Let d be (3 - 6)/(-3)*t. Let b(s) = 4*s**2 - 4*s**2 + s + d - s**2 + 10*s**3. Determine b(-1).
-11
Let k(g) = g**2 - g + 1. Let b be k(2). Let w(q) = 4*q**3 - 7*q**2 + 2*q + 1. Let j(v) = v**3 - v**2 + 1. Let i(a) = b*j(a) - w(a). What is i(4)?
-6
Suppose -2*f = 2, -4*v + 0*v - 4*f = 0. Let t = 16 - 17. Let k = v + t. Let r(j) = j**2 - j - 2. What is r(k)?
-2
Let f(o) = 2*o**2 - 3*o. Let a = 7 - 9. Let y(n) be the third derivative of n**5/30 + n**4/6 + n**3/3 - 12*n**2. Let w be y(a). What is f(w)?
2
Let d(l) be the second derivative of -1/4*l**4 - 32*l - 1/3*l**3 + l**2 + 0. Calculate d(-3).
-19
Suppose -4*u + 5*l + 20 = -9*u, 4*l = 2*u - 10. Let i(q) = -8*q - 2. Give i(u).
6
Let u = -958 - -974. Let k(q) = 2*q - 21. Calculate k(u).
11
Suppose -5*i = 6*m - 5*m - 2, 3*m - 6 = 3*i. Let j(f) = -2*f**3 - 4*f**2 + 4*f - 3. Calculate j(m).
-27
Suppose -4*o = -3*z - 9 + 72, -o = -3. Suppose 2*w = -5 - z. Let t be ((-4)/(-10))/((-3)/w). Let q(x) = -2*x + 1. Give q(t).
-3
Let s(m) = -82*m - 81*m + 2 + 179*m - m**2. What is s(16)?
2
Let k(y) = 15*y + 61. Let n(f) = -4*f - 15. Let z(a) = -2*k(a) - 9*n(a). Give z(-6).
-23
Let r = -107 - -187. Let f be (-1)/(-2) - r/(-32). Let i(y) = 3*y**2 - 3*y + 4. Calculate i(f).
22
Let x(i) = 12*i**2 + 17*i + 34. Let h(a) = -2*a**2 - 3*a - 6. Let n(w) = -34*h(w) - 6*x(w). Determine n(2).
-16
Suppose -36*i = -33*i - 9. Suppose -i*r + m = -7, -4*r = -m - m - 8. Let v(z) = z**3 - 4*z**2 + 2*z. Give v(r).
-3
Let z(p) be the second derivative of -p**5/20 - 5*p**4/6 + 2*p**3/3 - 2*p**2 + 793*p. Give z(-10).
-44
Let k(w) = -5*w**3 + 10*w**3 - 4*w**3 + 9*w - 11*w**2 + 11. Give k(10).
1
Let i be (7 - 10)*(-6)/9. Let l be (-4)/6*(1 - 4). Let f(v) = -v**2 + i*v - 2*v + v - 1 + l. Give f(-1).
-1
Let a be (-114)/8 - (-2)/8. Let n be (a/(-21))/((-1)/(-6)). Suppose 4*b - 20 = 0, -3*z - n*b + 23 = -0*z. Let f(k) = -10*k**3 + k - 1. Give f(z).
-10
Let j(c) be the second derivative of 2*c**3/3 + 15*c + 2. Let s(u) = -2*u. Let i(r) = 2*j(r) + 5*s(r). Let t be (-2)/8 - (-13)/4. Determine i(t).
-6
Let w(p) = -p**3 + 9*p**2 + 12*p - 10. Let k be w(10). Let o(u) = -u**2 + 11*u + 3. What is o(k)?
13
Let h = -103 - -94. Let x(j) = -j**3 - 10*j**2 - 9*j - 10. Determine x(h).
-10
Let v(r) be the third derivative of -1/2*r**3 - 1/12*r**4 + 0 - 7*r + 2*r**2. Give v(-3).
3
Let l(h) = 3*h**2 + 3. Let x(i) = i**2 + 2. Let p(j) = 2*l(j) - 5*x(j). Let n(o) = -o - 1. Let r be n(0). Let z = 2 - r. Determine p(z).
5
Let o be 624/(-60) - -10 - (-291)/15. Let p(y) = -2*y + 31. Determine p(o).
-7
Suppose -5*s + 9 = -1. Let x(d) = 742*d - s - 1 - 740*d. Calculate x(4).
5
Suppose -l + 3*x = -6*l - 7, 5*l = x - 11. Let j(b) be the second derivative of 1/2*b**2 - 2/3*b**3 - 4*b + 0. Determine j(l).
9
Suppose -4*d + 30 = 2*p, -4*p + 3*d = -9*p + 54. Let m(k) = -2*k - 13. Let x(i) = -11*i + i + 2*i + 6 + 9*i. Let g(r) = p*x(r) + 4*m(r). Calculate g(5).
7
Let n(s) = -3*s - s**2 + 0 - 5*s - 4. Let k(h) = 3 - h**2 - 2*h**2 + 0 + 7*h + 4*h**2. Let l(u) = -3*k(u) - 2*n(u). What is l(-4)?
3
Suppose -b = -4*v + 13, -4 = 4*b - 8*b + 2*v. Let i(d) = -7*d**2 + 4 + d**b + 3*d + 4*d**2 + 6*d**2. Determine i(-3).
-5
Let y(u) = 12*u - 1. Suppose 7 - 3 = 4*d. Suppose -3*w = -4*w - d. What is y(w)?
-13
Let j(z) = -z**2 + 3*z + 5. Let h = 30 - 25. Calculate j(h).
-5
Let q = 13 - 9. Suppose 4*n = 4*z + q, 0 = -5*n - z + 9 + 2. Let i(v) = 0 - 3*v**2 + n + v**3 + 3 - 1 - 5*v. What is i(4)?
0
Let z(j) = 38*j**2 + 4*j**3 + 3*j - 8 + 3*j + 9 - 4*j - 37*j**2. Let o = -11 - -7. Let a = o - -3. Determine z(a).
-4
Let p = -7 - -11. Let g(q) be the third derivative of 0*q + 2/3*q**3 + 1/12*q**5 + 3*q**2 - 1/120*q**6 - 5/24*q**4 + 0. Calculate g(p).
0
Let o(r) = 19*r**2 + 7*r - 13. Let n(d) = 37*d**2 + 15*d - 28. Let f(q) = 6*n(q) - 13*o(q). Give f(1).
-25
Let s = -7 - -4. Suppose 3*o = -3*o + 42. Let m(z) = 15*z - 4. Let u(c) = -22*c + 6. Let f(y) = o*m(y) + 5*u(y). Calculate f(s).
17
Let a(l) = -2*l. Let t(w) = 3*w. Let r(v) = -5*a(v) - 3*t(v). Let o(d) = -d**2 + 6*d + 2. Let j(u) = o(u) - r(u). Let x = -9 + 15. Calculate j(x).
-4
Let a(y) = -9*y - 3. Let x(l) = l**3 - 8*l**2 - 8*l - 11. Suppose 45 = 68*d - 63*d. Let g be x(d). What is a(g)?
15
Let l(z) = 3*z - 6. Let w be l(4). Let m(g) = -g**2 - 8*g + 1. Let t be m(-4). Let a(c) = -16*c + 1 - 8 + t*c - 2. Give a(w).
-3
Let k(n) = -n**3 - 5*n**2 + 4*n - 5. Let i(t) = 2*t - 76. Let h be i(35). Determine k(h).
7
Let v(y) be the second derivative of -y**4/12 - 3*y**3/2 - 13*y**2/2 + 200*y. Determine v(-8).
-5
Let d(h) be the third derivative of -h**7/5040 + h**6/240 + h**5/20 + 13*h**2. Let i(b) be the third derivative of d(b). What is i(-5)?
8
Let g(h) = -h**3 - 4*h**2 + h + 2. Let x(t) = 4*t**3 + 4*t**2 + t - 3. Let j be x(-1). What is g(j)?
-2
Suppose -24 = -4*t + 4*f, -5*t + 40 = 3*f + 42. Let p(y) = y + 8. Determine p(t).
10
Let h(j) be the third derivative of -j**5/60 + j**4/24 + j**3/2 - j**2. Let w be (4/(-12))/((-37)/333). Give h(w).
-3
Suppose 4*r = 2*f + 4 - 16, -4*r - 28 = 2*f. Suppose 6 = z - 3*m - 6, 0 = z + m + 4. Let d(g) = g + 2*g + z*g. Give d(f).
-12
Let n(w) = w**3 - 3*w**2 - 2*w + 4. Let c be (-45 + 1/(-1))*(9 - 7). Let t = -88 - c. Calculate n(t).
12
Let v be (38/3)/(8/12 + -1). Let i = v - -34. Let l(a) = -4*a. Calculate l(i).
16
Let t(z) = z + 11. Let d be -1*((-12)/(-3) - 3). Let m be 2 + 32/(-4) - d. Calculate t(m).
6
Let u = 6808 - 6800. Let m(s) = 3*s**3 - 21*s**2 - 53*s + 30. Let f(l) = -l**3 + 7*l**2 + 18*l - 10. Let k(i) = 17*f(i) + 6*m(i). Determine k(u).
-22
Let c(p) be the first derivative of p**4/4 - 4*p**3 + p**2/2 - 16*p - 117. Determine c(12).
-4
Suppose 8*z - 7*z + 73 = 0. Let f = -84 - z. Let m(q) = q**2 + 10*q - 16. What is m(f)?
-5
Let a(q) = -3*q**2 - 